uppose -h*v + 14 = -36. Calculate the greatest common factor of v and 10.
10
Suppose 0 = s + 4, j - 5 = -57*s + 53*s. Calculate the highest common divisor of 672 and j.
21
Suppose 0*q - 3*f = -q + 1, 5*f = 2*q - 1. Let b be 4 + 2/q + -55. Let o = b + 74. What is the greatest common divisor of o and 2?
2
Let d = 119 - 180. Let o = -31 - d. Calculate the highest common divisor of 45 and o.
15
Let q(f) = 64*f**2 - 1. Let r be q(-1). Let b(o) = -o**2 - 7*o + 1. Let j be b(-6). Calculate the greatest common factor of j and r.
7
Suppose 3*j = -4*v + 608, 0 = 4*v - v + 4*j - 456. What is the highest common divisor of v and 57?
19
Let t be 50/100 + 303/2. What is the highest common divisor of t and 24?
8
Let f = 109 - -9. Calculate the greatest common divisor of 2 and f.
2
Let b(t) = 7*t - 4. Let v = 3 - -3. Suppose -6 = -3*y + v. Let o be b(y). Calculate the greatest common divisor of 72 and o.
24
Let x be (-11 + 1)*(-14)/35*15. Calculate the greatest common factor of 960 and x.
60
Suppose 0 = -3*x - 3*w + 105, -6*x = -11*x + 2*w + 161. What is the greatest common divisor of 363 and x?
33
Suppose 0 = -183*v + 187*v - 440. What is the highest common factor of 55 and v?
55
Suppose -93 = -g + 36. Calculate the highest common factor of 3 and g.
3
Let f(i) = i + 5. Let b be f(0). Suppose 2*z - 4*z = -3*p + 340, -5*p + b*z = -570. Suppose -48 = -2*u - u. Calculate the greatest common factor of u and p.
16
Let i(x) = x**2 - 47*x - 433. Let f be i(-8). What is the greatest common factor of 25 and f?
1
Suppose -5*u + 20 = 0, -2*v + 3*u - 27 = -7*v. Suppose 0 = v*a + 2*a, -5*y + 20 = -3*a. What is the highest common divisor of y and 4?
4
Let s be (132/9)/((-3)/(-63)). Calculate the greatest common factor of 44 and s.
44
Let f(v) = -v**3 - 5*v**2 - v - 2. Let s be f(-5). Suppose -7*t = -s*t - 56. Calculate the greatest common factor of 7 and t.
7
Let b(q) = -q**3 + 10*q**2 - 13*q - 20. Let g be b(13). Let k = 984 + g. What is the highest common factor of k and 32?
32
Suppose 5*g - 42 = 18. Suppose -24*n + 20*n = -32. Calculate the greatest common factor of g and n.
4
Suppose -3*o + 5*r + 36 = -39, 2*r - 14 = -o. Let k be 6 + 168/(-27) + (-364)/(-18). Calculate the greatest common divisor of o and k.
20
Suppose 4*l - 3*g = 8*l - 1309, 5*l - 2*g = 1642. Calculate the highest common divisor of l and 246.
82
Let d(y) = -y**2 + 6*y - 3. Let x be d(4). Let n be (x*6/(-8))/(41/(-492)). What is the greatest common divisor of 18 and n?
9
Let n(h) = 12*h + 137. Let v be n(-9). What is the highest common divisor of v and 3?
1
Let u be (10 - 1) + 1 + -4. Let f = -176 - -311. Suppose -f + 3 = -u*c. What is the greatest common factor of 2 and c?
2
Let s be 4/6*(11 - 1225/(-10)). Calculate the highest common factor of s and 4806.
89
Let i = -1016 + 1116. Let a = 34 - 14. What is the highest common divisor of a and i?
20
Suppose 4*o + k = 323, o + 5*k = 72 + 23. What is the greatest common factor of 20 and o?
20
Suppose 4*y + 12*x = 13*x + 313, 2*x - 232 = -3*y. What is the greatest common factor of y and 30?
6
Suppose 0 = -4*a + 3*a + 14. Suppose 89 - 27 = 2*h. Let q = -3 + h. Calculate the greatest common factor of q and a.
14
Let p(s) = 92*s - 2. Let u be p(1). Let a be (-144)/(-15) - (-12)/30. Calculate the greatest common divisor of u and a.
10
Let m be (-7)/((-28)/1816) + (-168)/28. What is the greatest common factor of 288 and m?
32
Suppose -4*d + 5*j = -80 - 111, 4*d - 193 = 3*j. Calculate the highest common divisor of 49 and d.
49
Let h = -95 - -139. Suppose -h = -4*c + 3*b, 5*b = -c + 1 - 13. Let v be c/(-12) - 98/(-3). Calculate the highest common factor of v and 64.
32
Let l be (-18)/27 + 28/6. Let j be (-404)/(-36) - (-1)/((-18)/l). What is the greatest common factor of j and 22?
11
Let w = -206 + 232. What is the highest common factor of 182 and w?
26
Let n = -21 + 116. Let v = n - 47. Let p be 54/(-4)*(-64)/v. What is the highest common divisor of p and 12?
6
Let l(d) = -d**2 - 20*d - 21. Let y be l(-18). Calculate the greatest common divisor of y and 1200.
15
Let w = -27 - -46. Let j(k) = -4*k**2 + 5*k + 5. Let x(g) = g + 1. Let y(l) = -j(l) - 2*x(l). Let n be y(6). What is the greatest common factor of n and w?
19
Let t be (4 - 1) + (0 - 0 - -145). Suppose -6*b - t = -538. Calculate the greatest common factor of b and 5.
5
Suppose -3*p - 159 = -5*j, -2*p - 81 = -5*j + 75. What is the greatest common divisor of 20 and j?
10
Suppose l - 363 = -2*k - 2*k, -5*k = 3*l - 445. Suppose 0 = 2*n - 5*n + 24. Let p be (4/6)/(n/276). What is the greatest common factor of p and k?
23
Let h be (-2)/(-2) - -34 - -1. Let k = 712 + 269. Let c = k + -693. What is the greatest common divisor of h and c?
36
Suppose -5*b + 13 = w, 0 = 4*w - 0*w + 3*b - 52. What is the greatest common factor of w and 416?
13
Suppose 0 = -53*c + 2060 + 961. Calculate the highest common divisor of c and 38.
19
Suppose -5*j = -x - 3 - 12, 0 = -4*j - 5*x + 41. Suppose -j*m - 9 = 3. Let v be 39/3 - (0 - m). Calculate the highest common factor of 40 and v.
10
Let h(f) = 2*f**2 + 4*f - 1. Let x be h(-5). Let u be ((-5)/10)/((-4)/32). Let d be u + (-3594)/(-14) - (-4)/14. What is the highest common divisor of x and d?
29
Let l(f) = 9 - f**2 - 4*f**2 - f**3 + f - 2*f**2 + 0*f**2. Let w be l(-7). Suppose w*u + 22 = 3*u. Calculate the greatest common factor of 154 and u.
22
Let r(i) = -2*i**3 - 17*i**2 + 5*i - 1. Let s be r(-8). Let l = -65 - s. What is the greatest common factor of 16 and l?
8
Suppose 0 = 2*w - 3*w + 5. Let u(i) = i**3 - 5*i**2 + i - 6. Let m be u(w). Let j = m + 18. Calculate the highest common factor of 34 and j.
17
Let s = -198 - -213. Let r = 27 + -12. Calculate the highest common divisor of s and r.
15
Suppose 0 = -4*z + 4*p + 204, -114 - 176 = -5*z - 2*p. Calculate the highest common divisor of 280 and z.
56
Let f = -4 + 1. Let l(x) = -x**3 - 2*x**2 - 2*x + 2. Let s be l(f). Let n = 25 - s. What is the highest common divisor of 8 and n?
8
Let u(l) = -3 + l**3 + 3 + 14*l**2 + 1. Let c be u(-14). Let w = 17 - c. What is the highest common factor of w and 8?
8
Let o = -312 - -359. Calculate the greatest common factor of o and 47.
47
Let k be (20/6)/5 - (-5018)/6. What is the greatest common divisor of 27 and k?
27
Let t be 32 + (-18 - -18) + -4*1. What is the greatest common divisor of t and 210?
14
Let s(p) = -p**3 + 6*p**2 - 3*p - 5. Let u be s(5). Suppose 0 = u*h - 2*d - 248, -8*h + 13*h - 244 = d. What is the greatest common factor of h and 36?
12
Let i = -25 - -15. Let o be ((-8)/i)/((-10)/(-75)). Suppose -6*z - 5*s + 26 = -3*z, 3*z - 32 = -2*s. Calculate the greatest common factor of o and z.
6
Suppose 0 = -3*r - 149 + 239. Calculate the greatest common divisor of r and 165.
15
Suppose 0 = 3*p - 4*p + 6. Let x = p - 2. Suppose -x = 4*v - 4*c, -5*v + 5*c = -4*v + 21. What is the greatest common factor of 44 and v?
4
Let z(o) = -3*o**3 + 3*o**2 + 5*o - 2. Let i be z(-3). What is the highest common divisor of i and 117?
13
Suppose -14 = -10*v + 3*v. Suppose -4 = -v*g, 2*z - 4*g + g = 0. Suppose -7*x = -z*x - 68. What is the greatest common factor of x and 85?
17
Suppose 0 = -3*h + 5*a - 330, -4*a + 0*a = 3*h + 330. Let b be (84/(-15))/(h/25 - -4). Calculate the greatest common divisor of b and 4.
2
Suppose 332 = 5*q - 4*j, 2*q - 2*j = -2*q + 262. What is the highest common divisor of q and 48?
16
Suppose -31*t = -42*t + 352. Calculate the highest common divisor of 672 and t.
32
Let d = 46 - 1. Suppose 11 = -3*m + 2. Let i be m/(-2)*(0 - -12). Calculate the greatest common factor of d and i.
9
Suppose 0 = 3*l - 5*t - 523, l + 3*t = -3*l + 707. What is the highest common divisor of l and 572?
44
Suppose f - 16 = -f. Suppose f - 58 = -5*l. Suppose 8*c - 3*c - 10 = 0. What is the highest common divisor of l and c?
2
Let x(k) = -31*k**3 + 3*k**2 - 4*k + 1. Let y be x(1). Let c = y - -56. Calculate the greatest common factor of 25 and c.
25
Let l = -239 + 401. Calculate the highest common divisor of 45 and l.
9
Let u be 8/20*5 + 251. Calculate the highest common factor of u and 46.
23
Let s(z) = 13*z + 13. Let r(i) = i**2 + 5*i + 10. Let w be r(-5). Let d be s(w). Calculate the greatest common factor of d and 13.
13
Suppose 0 = -2*v + 3*v - 18. Suppose 8*x = 7*x + 378. Suppose 3*f = -3*q